 (base 16) to base 14.
38
47 (base 8) to base 13
30
204553 (base 7) to base 14
cbd3
-8a (base 14) to base 2
-1111010
Convert -1098 (base 10) to base 15.
-4d3
Convert -13236 (base 7) to base 12.
-2083
Convert 1111120122 (base 3) to base 16.
738e
-33042 (base 5) to base 15
-a17
Convert -1056 (base 8) to base 12.
-3a6
2bb6 (base 12) to base 5
131203
What is 3f2 (base 16) in base 8?
1762
Convert 5532 (base 13) to base 7.
46416
Convert -15437 (base 9) to base 2.
-10100101000100
-294 (base 12) to base 10
-400
-54105 (base 8) to base 2
-101100001000101
What is -103110 (base 4) in base 2?
-10011010100
-433 (base 8) to base 3
-101111
Convert -101 (base 4) to base 3.
-122
Convert 10011110100 (base 2) to base 15.
598
-304251 (base 7) to base 15
-105bc
458 (base 11) to base 13
331
What is -3a9 (base 13) in base 12?
-45a
-300 (base 5) to base 2
-1001011
-10103000 (base 4) to base 10
-17600
-1332101 (base 5) to base 3
-1101020121
What is 13a (base 12) in base 4?
2332
4676 (base 10) to base 4
1021010
What is -42341 (base 5) in base 3?
-10220102
10001 (base 2) to base 5
32
What is -427 (base 15) in base 9?
-1251
What is -1065 (base 9) in base 4?
-30110
-50115 (base 6) to base 11
-49a4
What is 603 (base 8) in base 5?
3022
Convert -281 (base 10) to base 8.
-431
What is 61ed (base 16) in base 5?
1300234
20a (base 11) to base 3
100100
1011002 (base 4) to base 2
1000101000010
224103 (base 5) to base 12
4790
277 (base 8) to base 9
232
Convert 120 (base 13) to base 15.
d0
-3f91 (base 16) to base 13
-753a
-1237 (base 9) to base 6
-4141
144 (base 7) to base 12
69
Convert -13220 (base 4) to base 8.
-750
What is 11235 (base 7) in base 3?
10221020
Convert -50016 (base 9) to base 13.
-11c28
What is -1551 (base 9) in base 10?
-1180
-178 (base 9) to base 12
-108
-2660 (base 11) to base 16
-d7e
What is 5fdf (base 16) in base 2?
101111111011111
Convert 532 (base 6) to base 11.
172
Convert -103213 (base 5) to base 6.
-24250
-726 (base 8) to base 11
-398
Convert -50636 (base 7) to base 4.
-3000212
-309 (base 15) to base 8
-1254
What is 2875 (base 12) in base 3?
20102222
-1211342 (base 5) to base 2
-101100011000010
201223 (base 4) to base 10
2155
What is 2837b (base 13) in base 2?
10010011000101011
What is 8af (base 16) in base 10?
2223
What is 28a3 (base 14) in base 15?
21ee
Convert -16ce (base 15) to base 14.
-1b15
What is -12285 (base 12) in base 13?
-b25b
10001100100 (base 2) to base 13
686
242 (base 8) to base 2
10100010
What is -575 (base 11) in base 15?
-30c
What is 273 (base 12) in base 2?
101110111
Convert -14318 (base 16) to base 9.
-135412
Convert -11235 (base 6) to base 11.
-1231
505 (base 12) to base 13
43a
Convert a03 (base 11) to base 8.
2275
What is 11607 (base 8) in base 12?
2a87
Convert -4440034 (base 5) to base 16.
-12ecf
Convert -511 (base 14) to base 6.
-4335
a0d (base 14) to base 7
5516
What is 8135 (base 12) in base 16?
36b9
Convert 571 (base 8) to base 7.
1046
Convert -1042000 (base 5) to base 14.
-69a7
Convert -2113 (base 12) to base 14.
-1463
-2201 (base 7) to base 11
-654
What is 203424 (base 5) in base 10?
6739
Convert -2300 (base 8) to base 2.
-10011000000
What is 1220202 (base 4) in base 13?
3078
Convert -2001121 (base 4) to base 14.
-3037
12300123 (base 4) to base 8
66033
3086 (base 15) to base 16
280b
What is -54444 (base 6) in base 5?
-220031
What is -12dd (base 16) in base 15?
-166e
Convert 1100010110 (base 2) to base 5.
11130
-2201020 (base 3) to base 7
-5523
What is -9270 (base 12) in base 13?
-732c
Convert 7703 (base 9) to base 12.
3349
18a68 (base 12) to base 16
8cf0
-45c3 (base 14) to base 13
-569b
Convert -165a (base 16) to base 3.
-21211221
What is -1113212 (base 4) in base 13?
-2723
What is -499 (base 15) in base 5?
-13134
What is 220000 (base 3) in base 10?
648
458 (base 15) to base 12
69b
Convert -4413 (base 5) to base 16.
-260
-23573 (base 8) to base 15
-2edc
Convert 413234 (base 6) to base 14.
c114
What is 222b (base 15) in base 9?
10835
60731 (base 8) to base 2
110000111011001
What is -6325 (base 7) in base 13?
-1021
a1 (base 14) to base 7
261
-15416 (base 9) to base 14
-3bb3
Convert 1312 (base 10) to base 12.
914
Convert -685b (base 16) to base 15.
-7db0
What is -10111011 (base 2) in base 14?
-d5
Convert -1b (base 13) to base 11.
-22
What is a3a8 (base 12) in base 11?
12449
What is 4a32 (base 16) in base 13?
8851
Convert -10c1 (base 16) to base 14.
-17c5
Convert 20010 (base 4) to base 15.
246
Convert -15252 (base 9) to base 11.
-7909
What is -714a (base 14) in base 8?
-46016
What is 4041 (base 5) in base 13?
311
-8631 (base 14) to base 8
-55203
5662 (base 11) to base 7
30501
-4154 (base 7) to base 6
-10432
What is -1100110011010111 (base 2) in base 6?
-1042435
Convert -1cbca (base 13) to base 11.
-39873
What is -110100101 (base 2) in base 9?
-517
-e2e (base 15) to base 9
-4338
What is 85a7 (base 13) in base 10?
18558
11021 (base 3) to base 13
8b
Convert 4420 (base 5) to base 4.
21202
What is -4cb5 (base 13) in base 11?
-8268
What is -101100011011 (base 2) in base 8?
-5433
-612 (base 10) to base 7
-1533
31031 (base 4) to base 13
500
What is -11000 (base 4) in base 14?
-18c
What is 7412 (base 10) in base 4?
1303310
1010001010110 (base 2) to base 7
21115
What is 63d (base 15) in base 3?
1221011
What is -11026 (base 12) in base 10?
-22494
Convert 101000010111 (base 2) to base 6.
15543
Convert -1100020 (base 4) to base 6.
-35424
What is -455 (base 13) in base 7?
-2114
1c7 (base 16) to base 11
384
-a297 (base 12) to base 5
-1031213
-1313213 (base 4) to base 13
-363b
What is -8395 (base 12) in base 14?
-5345
Convert -5a18 (base 15) to base 7.
-106553
Convert -1313 (base 5) to base 12.
-154
What is -1084 (base 10) in base 5?
-13314
-11110101 (base 2) to base 4
-3311
384 (base 13) to base 11
50a
-134100 (base 6) to base 14
-4816
Convert 1221020120 (base 3) to base 10.
38085
-1411 (base 11) to base 9
-2450
2055 (base 12) to base 4
313001
What is 1002 (base 4) in base 15?
46
1604 (base 11) to base 16
80d
1662 (base 8) to base 16
3b2
Convert 4342 (base 11) to base 6.
42313
Convert -13462 (base 7) to base 12.
-215a
Convert -327 (base 11) to base 6.
-1452
Convert -10010110 (base 2) to base 7.
-303
What is 878 (base 9) in base 10?
719
What is -2139 (base 11) in base 4?
-230021
Convert -7dda (base 16) to base 13.
-11884
11302 (base 4) to base 7
1036
What is 335 (base 6) in base 8?
203
What is 2536 (base 12) in base 7?
15204
What is -4d33 (base 16) in base 4?
-10310303
-222212001 (base 3) to base 2
-100110001111000
-130104 (base 5) to base 4
-1032211
11502 (base 15) to base 13
1c127
-3416 (base 8) to base 12
-1066
Convert -12021230 (base 4) to base 13.
-b612
-1303 (base 7) to base 9
-607
Convert 104b (base 12) to base 14.
919
-1727 (base 10) to base 6
-11555
Convert 889 (base 10) to base 14.
477
Convert 3072 (base 9) to base 13.
1043
-22001002 (base 3) to base 8
-13345
What is 352 (base 16) in base 6?
3534
What is 11001012 (base 3) in base 7?
11411
What is 53862 (base 11) in base 3?
10222022120
2202122 (base 3) to base 8
3737
-cca (base 13) to base 2
-100010010010
What is -1854 (base 13) in base 11?
-279a
-93 (base 16) to base 4
-2103
-3654 (base 8) to base 11
-1526
-597 (base 10) to base 15
-29c
What is -35244 (base 9) in base 4?
-11233222
5842 (base 10) to base 7
23014
What is -24204 (base 5) in base 6?
-12204
What is -4276 (base 12) in base 13?
-341a
Convert -277 (base 15) to base 16.
-232
Convert -363536 (base 7) to base 16.
-10250
What is 140330 (base 5) in base 13?
27a8
10420 (base 6) to base 10
1452
What is -2222 (base 9) in base 12?
-b48
Convert -254410 (base 7) to base 14.
-132b0
Convert 1100010011110 (base 2) to base 5.
200202
Convert -157 (base 15) to base 10.
-307
What is 3543 (base 8) in base 5?
30031
What is -33641 (base 9) in base 11?
-15908
What is -6a (base 13) in base 10?
-88
Convert -11885 (base 9) to base 10.
-8015
Convert -3a0 (base 13) to base 6.
-2541
Convert -110 (base 7) to base 15.
-3b
-506 (base 7) to base 9
-308
13134 (base 7) to base 8
6660
Convert 982 (base 13) to base 10.
1627
Convert 5522 (base 11) to base 2.
1110001110100
Convert -1490 (base 15) to base 4.
-1010322
4111 (base 5) to base 12
383
-40b (base 15) to base 7
-2441
-10010 (base 4) to base 2
-100000100
Convert -1323 (base 14) to base 16.
-d23
-26633 (ba